 - -20)
2
Calculate -7 - ((-3 - -2) + -2).
-4
Evaluate (4 + -7 - -3) + 1.
1
Calculate (2 - 7) + 8 + -2.
1
What is the value of 9 + 13 + -21 - -1?
2
What is the value of -5 + (-1 - 3) + (8 - -1)?
0
What is -8 - (2 - (3 - (-1 + -3)))?
-3
Calculate 2 + -3 - (-3 + (0 - -3)).
-1
What is 1 - (-6 + -5) - 8?
4
Calculate 8 + -15 - (-1 - 4).
-2
What is the value of 1 + -4 + -3 + 2?
-4
Evaluate 8 + (-11 - -3) - (1 - -7).
-8
Evaluate 7 + -7 + 4 - -1 - 10.
-5
What is the value of -7 + 5 + -1 + -2 + 4?
-1
Evaluate -8 + 4 - -2 - -6.
4
What is -7 + 7 + (0 - 1)?
-1
What is the value of -1 - (2 + 0 - 0)?
-3
Evaluate 0 + -4 + 0 + 0 + -1.
-5
Evaluate (0 - -8) + -6 - 1.
1
Calculate 0 - (-3 + 6 + -4).
1
What is (0 - (2 + -3 + 1)) + -2?
-2
Calculate (5 - (-2 + 9)) + -1.
-3
-1 - ((-3 - 0) + 0)
2
Calculate 13 + (8 - 24) + 5.
2
What is 12 + -6 + (0 - 3) + -7?
-4
Calculate 1 + -5 + (76 - 79).
-7
What is the value of -1 + 3 + -1 + -2?
-1
4 + (2 - 3) - 4 - 4
-5
(10 - 3) + (-4 - (-5 - 0))
8
Calculate (0 - (3 - (3 - 3))) + -3.
-6
What is -1 + 4 + 2 + 2 - 3?
4
3 + -2 + -4 + 1
-2
Evaluate 4 - (2 + -4 - (-9 - -3)).
0
What is the value of 0 + (-8 - -1) - -5?
-2
Evaluate 9 + (-5 - -1) + -2.
3
What is 8 + (-8 - -2) + -5?
-3
What is the value of -2 + 3 - (-3 - (0 - -2))?
6
What is (3 - 4) + 0 + -4?
-5
What is the value of -8 + -5 - -5 - -8?
0
What is -2 - (-2 + 4) - -8?
4
What is -9 - (7 + -19 + 14)?
-11
What is 6 - (0 + 5 + -3 + 2)?
2
-1 + (-1 - (6 - 7)) + 9
8
Evaluate -1 + 5 + (-3 + -5 - -4).
0
Calculate 4 + (-1 - 2) + (6 - 5).
2
Calculate -13 + (1 - 5) + 68 + -56.
-5
Evaluate -28 - -39 - (3 + 1).
7
Calculate (2 - 1) + (9 - 8) + 0.
2
Evaluate -4 - 0 - (-3 + (-8 - -3)).
4
Calculate -9 + (4 - (-8 + -2)).
5
-1 - ((1 + -2 - 1) + -1)
2
1 + 2 - (0 - -4)
-1
What is -10 + 2 - (4 - -1 - 2)?
-11
Calculate 0 - (-4 + -7 + 5 + 0).
6
What is the value of -8 + 2 + (2 - 7) + 14?
3
Calculate 0 - 4 - ((-6 - -3) + -4).
3
(-5 - -1 - 1) + 3
-2
What is the value of 2 + (-4 + (-4 - -3) - 0)?
-3
Evaluate -2 - ((-1 - (0 + 2)) + 3).
-2
Calculate -1 + (3 - 10) + 3.
-5
6 - (1 - -1) - (2 + 6)
-4
Evaluate (-1 - -6 - -9) + -11.
3
-2 + (5 - (-3 + (4 - -3)))
-1
What is the value of -1 + -2 - -4 - 2?
-1
What is -2 - (-6 + 9 + -1)?
-4
(0 - 2 - -3) + 3
4
What is -10 + 3 + 1 - (0 - 1)?
-5
Calculate -3 + (10 - 9 - 8).
-10
Calculate (15 - 15) + -1 + -1 + 6.
4
Evaluate -67 - -67 - (0 + (-1 - 2)).
3
46 - 51 - (1 + -6)
0
Calculate 3 + 1 + (-2 + 0 - -2).
4
What is 8 + (3 - (13 - 6))?
4
Calculate -2 + (3 - (-4 + 1 - -6)).
-2
(2 - 0) + -1 + -5 + 5
1
What is 5 + 13 + (0 - 0) + -8?
10
(5 - (-4 - (3 - 6))) + -1
5
10 - 0 - (0 + 1) - 6
3
What is the value of (0 - 0) + (0 - 1) + 5?
4
Calculate (0 - 12) + 7 + -2 - -3.
-4
2 - 7 - (-5 + 12 + -6)
-6
Calculate (6 + -5 + -1 - 6) + 16.
10
What is 6 + -10 + (-1 - 5) + 4?
-6
What is the value of (5 + 3 - (-8 + 5)) + -4?
7
What is the value of 2 - (5 - 2 - 3)?
2
What is 8 - 4 - (-1 + 2)?
3
What is -8 + 1 + -5 + 5 - -3?
-4
Calculate -3 - (-2 + -1 - (7 - 4)).
3
What is -8 - (0 + -2 - 1)?
-5
What is the value of 5 + -1 - (-6 + 11)?
-1
Evaluate 51 - 52 - (-5 - 1).
5
What is (-13 - -8 - -10) + (0 - 1)?
4
What is -12 - -40 - 14 - 13?
1
Calculate (-7 - 0 - -2) + 5 + -4.
-4
Evaluate -1 + 5 - ((-2 - 2) + 5).
3
Calculate -11 - (-2 + 10 + -14 - -6).
-11
What is -2 + 3 - (2 + -3 - -2)?
0
(-2 - (-8 + 13)) + 2
-5
-15 - -17 - (-1 + -1)
4
Evaluate -1 + -5 + (1 - -11) + -3.
3
Calculate 5 + (-6 + -1 - -9).
7
What is 2 - (-1 - (-7 + 4 - 1))?
-1
Calculate -3 - (-2 + -6 + 7).
-2
What is -5 - 0 - (-6 - -5) - 2?
-6
What is 2 + -3 + 2 + -5?
-4
Calculate 9 + (-3 + 7 - 7).
6
Evaluate (45 - 38) + (0 - (-1 - -7)).
1
What is -16 + 13 - (-2 + 2)?
-3
Evaluate (9 + -17 - -3) + -1.
-6
2 - ((5 - -1) + 6) - -5
-5
Calculate 4 - (-4 - -2) - 15.
-9
What is the value of -3 + -3 - (10 - 12)?
-4
Calculate -10 + (8 - 4) + (4 - 2).
-4
Calculate (0 - 3) + 2 + 0 - 3.
-4
Calculate (1 - 0) + -3 + 3.
1
0 - 2 - 1 - (-104 - -98)
3
3 + -10 - -13 - (9 - 1)
-2
Evaluate 12 + (0 - ((16 - 4) + -8)).
8
-1 - -1 - (6 - (8 + -2))
0
Evaluate -2 - -2 - (-2 - (1 - 2)).
1
-1 + 0 + (0 - 4)
-5
Calculate 187 + -192 - (2 + 1 - 0).
-8
What is the value of -4 + (14 - 5 - 5) + -1?
-1
Evaluate 5 - ((5 - 5) + 2).
3
What is 4 + (-12 - -2) + 11?
5
-1 + -1 - (18 - 19)
-1
Calculate 4 + -5 + 4 + (3 - 4).
2
Calculate -4 + (0 - (-3 + 2) - -1).
-2
Evaluate -28 - -35 - (-1 + (2 - -6)).
0
Calculate (-5 + 2 - -1) + -3 - 1.
-6
-6 - (-8 + 8) - -2
-4
What is (-1 - -9) + 0 + (0 - -1)?
9
5 + 3 + -3 + -5
0
What is the value of (-6 - -4 - (0 + 1)) + 0?
-3
What is the value of -4 - 0 - 4 - (-5 + 0)?
-3
What is 2 - (1 - 4 - (6 - 10))?
1
Evaluate -1 + 0 - (3 + (-1 - 3)).
0
Calculate (4 - 3 - 1) + 3 + -3.
0
Calculate -3 + -5 + (-2 - 1) + 10.
-1
What is (11 - 9) + 3 + 1?
6
Evaluate 1 - (-8 + 13) - (-1 - -1).
-4
What is (0 - (-16 - -9)) + -6?
1
What is 0 - -1 - (3 + -6)?
4
(9 - ((-5 - -3) + 4)) + -2
5
What is the value of (5 - 9) + (-13 - -17)?
0
Calculate (-4 + -7 - -6) + (1 - -1).
-3
Calculate 0 - (-1 + (-3 + 3 - 1)).
2
Calculate 1 - (-9 + 5) - (1 + 1).
3
1 - (-1 + -2) - 4
0
2 + 1 + (-6 - (1 + 0))
-4
Calculate -8 + 9 - (-1 + 2).
0
Calculate 8 - 0 - (-5 - -9) - 2.
2
What is -7 - (6 + -11 - 0)?
-2
Evaluate 3 + -4 + -2 + 3.
0
0 + 4 - 14 - -6
-4
4 + 25 + -9 + -9
11
99 - 111 - (-2 - 0)
-10
What is the value of 7 + -8 + 4 - (-2 - -1)?
4
Evaluate 11 - 14 - -1 - -9.
7
What is -17 - -27 - 9 - (-1 - 1)?
3
Evaluate (5 + -8 - -4) + -1 + 3.
3
-5 - (5 + -14 + 0)
4
Evaluate (-11 - (-11 + -1)) + -4 + -1.
-4
Evaluate (-1 - (-6 - -3)) + (-2 - 2).
-2
What is the value of (0 - -4) + -8 + 8?
4
What is (-5 - (-6 - -1)) + (-2 - -11)?
9
Evaluate (-3 - (-2 - 4)) + (-1 - 2).
0
What is the value of (3 - 0 - 1) + (2 - -1)?
5
What is the value of -1 + 2 + -1 + 4?
4
What is -5 - (-7 + 1 - (3 - 11))?
-7
Evaluate 0 + (-2 - 1) + 4.
1
What is the value of 5 + -6 + (2 - -1) - -4?
6
What is the value of -2 + 0 + (6 - 2)?
2
Evaluate -15 - -27 - (-1 + 8).
5
Evaluate -2 + (6 - (-4 - -11)).
-3
-2 - -1 - (0 - 2)
1
What is the value of -2 - (4 - 1 - -5 - 5)?
-5
Evaluate 7 - (0 - -3 - (-64 - -65)).
5
What is the value of -4 + -7 + 4 + 3 - -6?
2
Evaluate -29 + 7 + 2 - -12.
-8
What is 1 - 4 - -8 - 4?
1
What is -6 + -1 + (7 - (11 - 8))?
-3
Calculate (10 - -1) + 10 + -13 - 3.
5
Evaluate -1 - (4 - (6 + -5)).
-4
What is 5 - (-2 - (7 - 11))?
3
What is the value of 10 - 5 - (9 - 3)?
-1
What is -2 + 2 + -3 - -4?
1
What is the value of -1 - 2 - (13 - 13)?
-3
What is the value of -4 + -1 - (1 + 2 + -9)?
1
What is -1 - 1 - (1 - 5)?
2
-66 + 64 - (3 + -1)
-4
What is the value of 0 + (-6 + 3 - -3)?
0
What is -4 - -3 - (-1 + 0 + 3)?
-3
Evaluate 6 - (5 - (-4 + 6)).
3
3 + 10 + (9 - 32)
-10
-8 + 0 + -100 + 114
6
-8 - (-8 - (-3 - 1))
-4
What is (-96 - -103) + -7 + -1?
-1
Evaluate 3 + 6 + -32 + 22.
-1
Calculate -2 + 0 - (3 + 2) - -6.
-1
Calculate 12 - 3 - (7 + -1).
3
What is the value of 4 - (4 + -2) - 5?
-3
(-1 - -6) + -6 - -4
3
Calculate 12 - (5 - 3) - (18 + -12).
4
Evaluate 10 + 2 + (20 - 22) + -3.
7
-5 - -1 - (84 + -86)
-2
What is -4 - -15 - 6 - 0?
5
Evaluate -10 + 4 + (0 - 1).
-7
Calculate 0 + -7 + 8 - -4.
5
Evaluate (-52 - -46) + 9 + (-1 - -1).
3
What is (0 - -6) + (11 - 16)?
1
What is the value of -1 + 0 - 0 - (0 - 1)?
0
What is the value of 6 + (-5 - 4) + 3 + -1?
-1
(-4 - -5) + -1 + -6 + -1
-7
3 + -1 + -9 + 2 + 2
-3
Evaluate -8 + (3 + 0 - (15 - 17)).
-3
Calculate (0 - 5 - 3) + 2.
-6
Evaluate -12 - -7 - (2 - 4).
-3
Calculate -1 + -1 + -1 + 2.
-1
What is the value of 5 + (1 - 1) - 0 - 3?
2
What is -2 - -4 - 6 - -4?
0
What is the value of 3 - (3 - 0 - (-2 + -3))?
-5
What is the value of -7 + (-3 - -7) - (14 + -14)?
-3
Evaluate -11 - (-13 - (1 - -7)).
10
Calculate -3 - (4 - (8 + 0)).
1
-3 + 5 + (24 - 21)
5
What is the value of -87 + 87 - (-2 - 4)?
6
Evaluate (-30 - -28 - (3 - -1)) + 14.
8
What is -8 + 4 - -5 - 0?
1
What is 3 + -5 + (2 - 3)?
-3
What is -6 + 0 - (-55 + 56)?
-7
15 + 11 + -42 + (6 - -2)
-8
What is 2 - (-3 + 6 + -2 + -1)?
2
Calculate 4 - (0 + (0 - -9) + -1).
-4
What is 0 + 0 - (4 - 4 - 4)?
4
-3 + (-4 + 1 - (-4 - 0))
-2
1 - ((-1 - -7) + -3)
-2
What is -1 + -1 - -4 - 6?
-4
Calculate -5 - -3 - -10 - (-47 + 62).
-7
(-1 - 5) + -11 + 11
-6
Evaluate 5 + (4 - -6) + -9.
6
What is the value of (14 - 9 - 4) + (0 - -4)?
5
3 + (4 - 0) -